+ v + 8. Let w(y) = -6*d(y) - 5*o(y). What is w(-16)?
-7
Let r be (5*15/225)/(2/2). Let f(l) be the first derivative of l - l**2 - 4 - r*l**3. Determine f(1).
-2
Let t(j) = -6*j + 2. Suppose 6 = -5*f + 11. Let z be t(f). Let k(o) = -3*o + 1. Calculate k(z).
13
Let h(d) = d**3 + 5*d**2 - 6*d - 46. Let q be h(-4). Let o(p) = p**2 + 7*p + 1. Determine o(q).
-5
Let a(i) = -3*i**2 - 7064*i**3 + 7065*i**3 + 1 + 2 - 7*i. What is a(5)?
18
Let a(b) = -3 + 0 - 5*b - 1. Let k be 118/(-28) + (-39)/(-182). Give a(k).
16
Let n(b) = -949*b**3 + 5 + 477*b**3 + 471*b**3 - 7*b**2 + 2*b. Calculate n(-6).
-43
Let q(n) be the first derivative of -n**4/4 + 2*n**3 + 5*n**2/2 - 7*n + 720. Give q(5).
43
Suppose -12*p = -766 + 850. Let x(h) = h**2 + 16*h + 67. Calculate x(p).
4
Let o(y) be the third derivative of -y**4/8 + 3*y**3 - 7*y**2 + 2*y. Calculate o(6).
0
Let a(x) be the first derivative of -x**6/360 - x**5/40 + x**4/12 + 11*x**3/3 + 5. Let j(b) be the third derivative of a(b). Calculate j(-4).
-2
Let t(n) = -67*n - 66*n - 2 + n**2 + 130*n. Give t(5).
8
Let p(v) = 4*v - 2. Suppose -y - 30 + 25 = 0. Let h(m) = -m**2 + 8*m - 4. Let u(k) = y*p(k) + 3*h(k). Determine u(2).
-6
Let z(v) be the third derivative of v**6/120 + v**5/15 - 2*v**3/3 - 87*v**2. Let r be (3/9)/((-3)/27). Calculate z(r).
5
Let o(w) = w**3 + 8*w**2 + 11*w - 4. Let f(p) = p**3 + 8*p**2 + 12*p - 8. Let s(j) = 2*f(j) - 3*o(j). Let x(b) = b**2 - 5*b - 7. Let q be x(5). Determine s(q).
10
Let n(q) = 2*q**2 + 2*q - 1. Let l be n(1). Suppose -l*f + 0*f = -6. Let z(o) = 3 + 4*o - 2 + o**2 + 2*o**f - 7 - o**3. Determine z(4).
-6
Let u(o) = -o**2 + 7. Let w be 74/26 + (-14)/(-91). What is u(w)?
-2
Let q(n) = n**3 - 6*n**2 + 2*n + 6. Let j(z) = 4*z + 4. Let a be j(6). Let m be (-4)/(-6)*(-14)/a*-18. Determine q(m).
18
Let x(l) = -3*l + 367 - l**2 - 700 + 350. Give x(-6).
-1
Let v be ((10/(-6))/(-1))/((-1)/(-3)). Let y(s) = -9 + v + 2 + s. Determine y(-8).
-10
Suppose 2*j = -4*s + 2, -5*s - 7*j + 5 = -2*j. Let z = -2 + 2. Let b = s - z. Let l(u) = u**3 + u**2 + u - 2. Give l(b).
-2
Let g(z) be the second derivative of z**5/20 + z**3/6 - z**2/2 + z + 43. Suppose 0*u + u = 0. Suppose 0 = -u*i + i. Give g(i).
-1
Let v(j) be the second derivative of 5*j**4/12 + j**3/6 + j**2/2 - 66*j. What is v(2)?
23
Let v(h) = -2*h + 262*h**3 + 11*h**2 - 4*h**2 - 4 - 261*h**3 + 4*h. Determine v(-6).
20
Let m(d) = -d**3 + 5*d**2 + 2*d + 2. Let l be (5/3)/((-5)/(-15)). Let i be m(l). Suppose 2*z - i = -0*z. Let s(p) = p**2 - 5*p + 3. Calculate s(z).
9
Let o = 7 - 12. Let z(k) be the first derivative of k**2 + 7*k + 3375. Calculate z(o).
-3
Let v be 1/3 + 48/(-9). Let r(s) = 4*s**2 - 5*s + s**3 - 352 + 691 - 345. Determine r(v).
-6
Let y(j) = 5*j**3 + 4*j**2 + 13*j - 27. Let d(a) = -4*a**3 - 6*a**2 - 14*a + 26. Let b(f) = -6*d(f) - 5*y(f). Calculate b(17).
13
Let u(j) be the first derivative of -2*j**3/3 + 2*j**2 - 3*j - 25. Calculate u(2).
-3
Let p(i) = -5*i + 3. Let b(v) = -v. Let m(q) = -64*q + 8. Let l(n) = 48*b(n) - m(n). Let d(c) = 3*l(c) + 10*p(c). What is d(4)?
-2
Let o(g) = 3*g - 5. Let r(d) = -d**3 + 31*d**2 + 104*d - 55. Let x be r(34). What is o(x)?
34
Let n(g) = 5*g**3 - 3*g**2 + 28. Let z(c) = -16*c**3 + 10*c**2 - 88. Let b(m) = 10*n(m) + 3*z(m). What is b(0)?
16
Let l(p) = 2*p + 10. Let a(f) = -2*f + 12. Let b be a(6). Give l(b).
10
Let c(q) = 13*q**2 + 16*q + 46*q**3 + 4*q**2 + 17 + 2*q - 45*q**3. Give c(-16).
-15
Let r(z) = 10 + 14 + 8 - z**2 + 1 + 1 - 4*z. Give r(-8).
2
Suppose 4*k - 60 - 24 = 0. Suppose -2*s - 9 = -z, 7*z - k = 2*z + 2*s. Let g be (0 - -3)*-2 + z. Let u(a) = 3*a + 1. Determine u(g).
-8
Let t(x) = -12*x + 3*x**2 - 4*x**2 - 22 - 6. Let s be t(-8). Let u(y) = -5*y**2 + 0*y - 2 + 5*y + 4*y**2. What is u(s)?
2
Let q(l) = l**2 + l. Let n(v) be the second derivative of -v**4/6 - v**3/2 + 13*v. Let x(d) = -n(d) - 3*q(d). What is x(4)?
-16
Let u(w) = 2*w**3 + w**2 - 1. Let a be u(1). Let o(g) = -22*g**2 + 6*g - 17. Let v(y) = -15*y**2 + 4*y - 12. Let n(i) = 5*o(i) - 7*v(i). What is n(a)?
-17
Suppose 23 = 4*t - 4*v + 11, -3*t + 4*v = -10. Let q(s) = 7*s - 2. What is q(t)?
12
Let s(n) = -6*n**2 - 2*n + 269*n**3 + 5*n + 10 - 270*n**3 + 3*n. Calculate s(-7).
17
Let n(m) = 5 - 6 + m - 1 - 5. Let w(k) = 5*k. Let u(o) = -o**3 + 7*o**2 + 1. Let c be u(7). Let h be w(c). What is n(h)?
-2
Let a be -1 - -2 - (0 + -10 + 0). Suppose -a*t = 3*t + 56. Let i(p) = -p + 4. Determine i(t).
8
Suppose 0 = 3*z + 2*h + 16, -7*h + 4*h = -z + 2. Let g(u) = -u**3 - 3*u**2 - 5*u - 4. What is g(z)?
32
Let o(m) be the first derivative of m**2/2 - 10*m - 922. Calculate o(11).
1
Let y(g) = -4*g - 31. Let w = -730 - -722. Calculate y(w).
1
Let j(a) be the third derivative of -a**6/120 - a**5/12 - a**4/8 + a**3/6 - a**2 - 70*a. Determine j(-3).
-8
Let d be ((6 - 5) + -3)/2. Let o(y) = -2*y**2 + y + 1. Give o(d).
-2
Let x(m) = -13*m - 6. Let t(i) = -36*i - 15. Let j(z) = -6*t(z) + 17*x(z). Calculate j(14).
-82
Let l(q) be the first derivative of -q**4/4 + 5*q**3/3 + q**2/2 - 8*q + 1. What is l(5)?
-3
Let b(i) = 4*i + 9. Let a(m) = 2*m + 4. Let f = -51 + 53. Let c(h) = f*b(h) - 5*a(h). What is c(5)?
-12
Let m(f) = -6 + 290*f**2 - 143*f**2 - 146*f**2 + 10*f. Determine m(-10).
-6
Let k(b) = -b + 1. Suppose 1 = -x - 4*r + 2*r, -3*x = 5*r. Suppose -x*d + 3 = -6*d. Calculate k(d).
4
Suppose -12 = -s - 6. Let f(o) = o**3 + 0*o**3 - 5*o**2 - 8 + 0 - 4*o. Determine f(s).
4
Let w(o) = 7*o - 8 + 1 - 25*o + 22*o. Determine w(5).
13
Let b = 306 + -312. Let p(r) = r + 2*r + r - 1 + r**2. Determine p(b).
11
Let h be -2*(-1)/(-5)*(-30)/12. Let o(s) = -6*s**3 - 2*s + 2. Give o(h).
-6
Suppose -1979*j + 1976*j = 3. Let l(m) be the third derivative of m**6/12 + m**5/60 - m**4/24 - m**3/6 - m**2. Determine l(j).
-9
Let k be 0 - (-61 + 1)/(-5). Let w(y) = y**3 + 11*y**2 - 14*y - 11. Give w(k).
13
Let s = 1245 - 1256. Let r(z) = z**2 + 9*z - 13. What is r(s)?
9
Let a(r) be the third derivative of -r**5/120 - r**3/3 - 2*r**2. Let u(n) be the first derivative of a(n). Suppose -28*h - 12 = -25*h. What is u(h)?
4
Let g(c) = -2*c**3 + c**2 - c. Let y(u) = -6*u**3 + 6*u**2 - 7*u + 1. Let p(r) = -5*g(r) + y(r). Suppose -5*x + 3 + 2 = 0. Give p(x).
4
Let d = -21 - -37. Suppose 4*a = 4*l - d, a + 0*a + 8 = -3*l. Let h(f) = -f**3 - 4*f**2 + 3*f - 1. Give h(a).
9
Suppose -51 = 14*o + 89. Let u(p) = -p**3 - 11*p**2 - 7*p + 5. What is u(o)?
-25
Let d(t) be the second derivative of -t**4/12 + t**3/3 + t**2 - 11*t - 5. What is d(-2)?
-6
Suppose 5*c = -20 - 40. Let g(p) = p**2 + 10*p - 8. Let b be g(c). Let h be b/(-56) + 46/14. Let t(n) = -2*n - 2. Give t(h).
-8
Let c be (-28)/10 - 2/10. Let y be (0/c)/(-5 + 3). Let z(j) = 0*j - j - 4 + y. Give z(5).
-9
Let w(l) be the first derivative of 3*l**2/2 + 7*l + 12. Let j(h) = 7*h + 14. Let z(p) = -2*j(p) + 5*w(p). What is z(0)?
7
Suppose -24 = -4*t - 0*t. Let s(k) = -8*k - 3 + 20*k + t - 13*k. Give s(3).
0
Suppose 0 = b - 5*b - 20, 4*g - 2*b = 74. Let m(k) = -g*k**3 - 1 + 2*k + 8*k**3 + 2. Calculate m(-1).
7
Suppose -3*p + 8 + 13 = 4*n, 2*n = -3*p + 9. Let d(z) be the second derivative of z**4/12 - 4*z**3/3 + 4*z**2 - 12*z. What is d(n)?
-4
Let n(i) be the third derivative of i**4/8 - 4*i**3/3 + 68*i**2. What is n(-6)?
-26
Suppose 0 = 3*o - 0*o - 15. Let m(b) = -5*b**2 + o*b**2 + 1 + b**2. Suppose 0 = -5*i - y - 10, 0*y - 5*y + 25 = 0. Give m(i).
10
Let s(l) = 16*l - 55. Let w(p) = -3*p + 1. Let u(r) = -s(r) - 5*w(r). Determine u(0).
50
Let x(h) = -h**2 + 6*h + 5. Let u be 0/((2 + -3)/(-1)). Suppose -g + 5*g - 24 = u. Calculate x(g).
5
Suppose -135*p - 45 = -144*p. Let y(c) = -c**3 + 8*c**2 - 5*c + 1. Give y(p).
51
Suppose -4*i + 2*d - 26 = 0, -4*i + 3*d = -5 + 28. Let z(m) = -m**3 + 114*m**2 + 185 + 9*m - 121*m**2 - 176. Determine z(i).
1
Let m(t) = 16*t**3 - 17*t**3 - t - 42*t**2 - 4*t + 48*t**2. Calculate m(4).
12
Let h(d) = -3*d**2 + 8*d - 2. Let k(m) = 7*m**2 - 17*m + 5. Let a(u) = 9*h(u) + 4*k(u). Suppose -18 - 84 = f. Let t = f - -97. Give a(t).
7
Let k(w) = -w**2 - w - 11. Suppose -g - 15 = 5*n, 5*g - n = 4 + 25. Suppose 0*a - a = l - 12, 4*a - 39 = g*l. Let b = -11 + a. Give k(b).
-11
Let r(f) = -f**3 - 8*f**2 - 6*f - 3. Let d(s) = -s**2 - 17*s - 49. Let o be d(-3). Determine r(o).
-10
Suppose 0 = p + 2*p - 36. Le